emainder when d(-14) is divided by 1?
0
Suppose -10*x + 28*x + 5328 = 0. Let t = -229 - x. Calculate the remainder when 197 is divided by t.
63
Let n = -802 + 1024. Let z = 418 - n. What is the remainder when z is divided by 35?
21
Let m(r) = -r**2 + 29*r + 28. Let v be m(24). Suppose -2*h + 6*h = -5*o + 154, 5*o - 2*h - v = 0. What is the remainder when 149 is divided by o?
29
Let x be (44/5)/((-6)/(-45)). Suppose 7*t + x = 10*t. Suppose 21*b + 19 = t*b. Calculate the remainder when b is divided by 4.
3
Let f = 3653 - 3463. What is the remainder when f is divided by 48?
46
Suppose 12 = -44*z + 47*z. Suppose 5*m + 25 = 3*x, 5*x - 3*x - z = -3*m. Suppose 28 + 87 = x*p. Calculate the remainder when 113 is divided by p.
21
Suppose -4*j = -70 + 18. Let v = j - 1. Let g(q) = q - 2. What is the remainder when v is divided by g(7)?
2
Let r(t) = -62*t + 81. Let l be r(-9). Calculate the remainder when 274 is divided by 4/(0 + 36/l).
61
Let x(m) = m**2 + 10*m + 769. What is the remainder when 5915 is divided by x(30)?
8
Let w(c) = 196*c - 347. Calculate the remainder when 409 is divided by w(2).
4
Let j = -66 - -70. Suppose a - j*m = m + 1, 3*m = -2*a + 41. What is the remainder when 29 is divided by a?
13
Let o be (-6)/(-1) - -62*2/8*2. Let b be 1*1/(1/40). Let d = b - o. Calculate the remainder when 7 is divided by d.
1
Let w(r) = 5*r - 5. Suppose 0*o + o + 269 = 0. Calculate the remainder when 4 + (o - -4)/(-5) is divided by w(4).
12
Let u = 6040 - 4908. What is the remainder when u is divided by 163?
154
Let a(c) = c**3 - 5*c**2 + 3*c - 1. Let q be a(4). Let s(g) = -5*g - 6. Calculate the remainder when s(q) is divided by (-16 + -15 + 21)*-1.
9
Suppose 0 = -5*x - v + 5649 - 269, -5*x = -v - 5370. Calculate the remainder when x is divided by 24.
19
Let r(a) = 14*a - 140. Let i be (1002/45)/2 - (-2)/(-15). What is the remainder when 166 is divided by r(i)?
12
Let f(r) = r**2 + 8*r + 13. Let z be f(-6). Let v = -18 + z. What is the remainder when 236 is divided by v/((-3)/((-36)/(-6)))?
32
Let d(w) = w**2 + 3*w - 2. Let p be d(-4). Let a(u) = -6 + 3*u**p - 15*u + 15*u. Calculate the remainder when a(5) is divided by 12.
9
What is the remainder when 3382 is divided by 9 - (-77)/2*(-168)/(-49)?
139
Let m = -363 + 438. Calculate the remainder when 77 is divided by (25/m)/(3/144).
13
Suppose -2*c + 560 = k, -k = 6*c + 820 - 2492. Calculate the remainder when c is divided by 36.
26
Let y(v) = 3*v**2 - 7*v - 1. Let o be y(3). Suppose -c + 0*c - 1 = o*p, -1 = -3*p + c. Calculate the remainder when 59 is divided by (8/1 + p)*35/14.
19
Let w(a) = a**2 + 9*a + 18. Let f be w(-12). Suppose 5*t - 105 = -3*g - 29, 2*g + 5*t - f = 0. What is the remainder when 41 is divided by g?
19
Let w be -12*(-2)/8 - -3. Let s(b) = b**3 - 6*b**2 + 2*b + 3. Calculate the remainder when 27 is divided by s(w).
12
Suppose -108*n - 25*n + 1330 = 0. What is the remainder when 4854 is divided by n?
4
Suppose n - 3*n = 0. Suppose n = w + 8*w. Calculate the remainder when 23 is divided by (-2 - (2 - w))/((-6)/12).
7
Suppose -32 = 9*j - 10*j + 4*m, 4*j = m + 53. Suppose 0*g + j*g = 768. Calculate the remainder when g is divided by 138/8 + (-2)/8.
13
Let y = 579 - 243. Suppose -3*u = -9, -6*n - 5*u + y = -5*n. Suppose 7*o = n + 169. Calculate the remainder when o is divided by 9.
7
Suppose -294 = -192*d + 666. What is the remainder when 61 is divided by d?
1
Let k be 587/6 - (-36)/216. Suppose -k*l - 475 = -2533. Suppose -57 = 3*p - 216. Calculate the remainder when p is divided by l.
11
Suppose -9*f + 8*f - 19 = -5*k, -f - 4*k + 17 = 0. Let z = 1029 - 1024. What is the remainder when z is divided by f?
0
Let r = -8084 + 8619. What is the remainder when r is divided by 54?
49
Let w(j) = -67*j + 12. Calculate the remainder when w(-13) is divided by (4 - (-18 + 21))*34.
33
Let u(k) = -3*k + 58. Suppose -3*y = -3*r + 18, -44*y + 13 = 2*r - 45*y. What is the remainder when u(r) is divided by 10?
7
Suppose 5*j - 5*v + 45 = 0, j + v = 5*j + 30. Let b(q) = -5*q + 48. Let t be b(j). Let d = t + -59. What is the remainder when 69 is divided by d?
21
Suppose 2*a = 3*a - 22. What is the remainder when (-48)/(-12)*(-261)/(-12) is divided by a?
21
Let l(x) = 19*x**2 + 11*x + 1. Let c(b) = -19*b**2 - 12*b - 1. Let s(k) = 3*c(k) + 4*l(k). What is the remainder when s(2) is divided by 42?
9
Suppose 38*k - 943 - 539 = 0. Let u = -4 + 1. Calculate the remainder when (2 + u)*(7 - 240) is divided by k.
38
Let n(g) = 3*g**3 + 30*g**2 + 13*g + 50. What is the remainder when n(-9) is divided by 26?
20
Let c = 5912 - 5766. Calculate the remainder when c is divided by 112.
34
Let u(o) = -o**3 + 7*o**2 + 12*o - 3. Suppose 5*w - 3 = 4*l, 3*l + 5 = 14. What is the remainder when u(8) is divided by ((-4)/(-12))/(w/18)*5?
9
Let d = -153010 - -153081. Let o = -7 + 1. Let c = 3 - o. Calculate the remainder when d is divided by c.
8
Suppose -3*d + 322 = -4*y, d + 5*y - 101 = -0*d. Suppose -109 = -8*i + 67. Suppose i + 113 = 5*t. Calculate the remainder when d is divided by t.
25
Let f = 3376 + -3278. What is the remainder when 2547 is divided by f?
97
Let j(g) = 2*g**2 + 7*g + 98. What is the remainder when j(-12) is divided by 48?
14
What is the remainder when -2*((-3205)/25)/(14/35) is divided by 19?
14
Calculate the remainder when 487 is divided by 1269/117 + (-34)/(-221).
3
Let i(a) = 41*a + 1344. Let p(x) = -2*x**3 - 2*x**2 + x - 4. Calculate the remainder when p(-4) is divided by i(-32).
24
Suppose 4*v - 4*h = 72, -2 = -h - 8. Suppose 9*z = 7*z + 60. What is the remainder when z is divided by v?
6
Suppose -4*h + 12*b - 10*b = -64102, 64165 = 4*h + 5*b. What is the remainder when h is divided by 12?
10
Suppose 48 = -0*f + 8*f. Let w be f/15 + (-2538)/(-30). Let k = w + -31. What is the remainder when k is divided by 15?
9
Suppose 0 = -88*r + 132*r - 396. Calculate the remainder when 36 is divided by r.
0
Let z(n) = 7*n - 57. Let u be z(8). Let r(x) = 3*x**3 + 2*x**2 - 2. Let q be r(u). Calculate the remainder when (201/(-3))/(q + 3 + -1) is divided by 17.
16
Let v = 2360 + -2155. Calculate the remainder when 1015 is divided by v.
195
Let p = -5437 + 5510. Suppose 0 = -2*b + 2 + 6. Suppose 40 = b*w - 5*z - 15, -5*w - 5*z + 80 = 0. What is the remainder when p is divided by w?
13
Let c be -2*(-64 + -3) - (-18)/(-3). Suppose 0 = -2*h - 3*n + c, -4*n - 54 - 60 = -2*h. What is the remainder when 791 is divided by h?
59
Let o(n) = -6*n**2 + 78*n - 40. Calculate the remainder when 319 is divided by o(12).
31
Let o = 5754 - 5638. What is the remainder when 463 is divided by o?
115
Let r = -774 - -788. Suppose -37*f = -30*f - 966. What is the remainder when f is divided by r?
12
Suppose 0 = 15*z - 2550 + 234 - 2064. What is the remainder when 18394 is divided by z?
290
Suppose 4*o + 0 = 52. Suppose -8*c - 12 = -4*c. Let f(d) = -22*d - 15. What is the remainder when f(c) is divided by o?
12
Suppose -3060 = 15*v - 3*v. Let d = -239 - v. What is the remainder when 94 is divided by d?
14
Let u(m) = 78*m + 1416. What is the remainder when u(-5) is divided by 103?
99
Calculate the remainder when 1111 is divided by (-501)/6*(-39 + 37).
109
Calculate the remainder when 1035/10*(-4)/24*-172 is divided by 986.
9
Let x be -231*(-39)/(-52)*(-4)/(-3). Let n = -203 - x. Calculate the remainder when n is divided by 2*(-8)/(2/(-2)).
12
Let p(l) = -4*l**3 + 3*l**2 - 32*l + 9. Calculate the remainder when 4334 is divided by p(0).
5
Let n(s) be the first derivative of s**4/4 + 13*s**3/3 + 4*s**2 + 6*s - 4. Calculate the remainder when n(-11) is divided by 54.
52
Calculate the remainder when ((-1 + 0)*-19)/(1240/(-104) + 12) is divided by 233.
14
Let f = -261 - -264. Suppose -f*t = 9, -2*t + 7*t = -2*n + 699. Calculate the remainder when n is divided by 10.
7
Suppose -5*x = 5*f - 45, f + 3*f + 20 = 4*x. Suppose 169*y - 2970 = -61*y - 93*y + 26*y. Calculate the remainder when y is divided by x.
3
Let j(y) = -45*y**3 - 2*y**2 + 31*y + 70. What is the remainder when j(-2) is divided by 353?
7
Suppose 3*r + 41 + 23 = y, y = -2*r + 59. Let t be -2*(15/7)/((-2)/7). Suppose -20*q + 160 = -t*q. Calculate the remainder when y is divided by q.
29
Let a(f) = 16*f - 244. Calculate the remainder when 199 is divided by a(21).
15
Let z(g) = g**2 - 13*g +